at is the units digit of 2950?
0
What is the ten thousands digit of 15601?
1
What is the tens digit of 2850?
5
What is the tens digit of 241?
4
What is the hundreds digit of 177?
1
What is the tens digit of 632?
3
What is the tens digit of 56916?
1
What is the hundreds digit of 3793?
7
What is the hundreds digit of 9194?
1
What is the units digit of 381?
1
What is the ten thousands digit of 14868?
1
What is the thousands digit of 8786?
8
What is the thousands digit of 1349?
1
What is the hundreds digit of 5012?
0
What is the tens digit of 1780?
8
What is the tens digit of 978?
7
What is the tens digit of 2517?
1
What is the hundreds digit of 915?
9
What is the thousands digit of 8113?
8
What is the tens digit of 28388?
8
What is the thousands digit of 4326?
4
What is the units digit of 2244?
4
What is the tens digit of 77453?
5
What is the hundreds digit of 7465?
4
What is the thousands digit of 58335?
8
What is the hundreds digit of 69319?
3
What is the tens digit of 40241?
4
What is the hundreds digit of 11104?
1
What is the tens digit of 828?
2
What is the units digit of 806?
6
What is the thousands digit of 10286?
0
What is the thousands digit of 3707?
3
What is the tens digit of 6934?
3
What is the tens digit of 5871?
7
What is the ten thousands digit of 33017?
3
What is the tens digit of 35168?
6
What is the hundreds digit of 20168?
1
What is the thousands digit of 30542?
0
What is the tens digit of 7809?
0
What is the thousands digit of 15061?
5
What is the units digit of 191645?
5
What is the thousands digit of 20767?
0
What is the units digit of 9959?
9
What is the hundreds digit of 8066?
0
What is the units digit of 6698?
8
What is the units digit of 607?
7
What is the hundreds digit of 6202?
2
What is the tens digit of 154502?
0
What is the thousands digit of 30178?
0
What is the thousands digit of 25289?
5
What is the hundreds digit of 734?
7
What is the tens digit of 42164?
6
What is the tens digit of 10243?
4
What is the hundreds digit of 9944?
9
What is the units digit of 2145?
5
What is the units digit of 3478?
8
What is the units digit of 2642?
2
What is the ten thousands digit of 16198?
1
What is the hundreds digit of 118?
1
What is the tens digit of 254?
5
What is the tens digit of 1977?
7
What is the tens digit of 31841?
4
What is the tens digit of 992?
9
What is the hundreds digit of 10673?
6
What is the ten thousands digit of 50224?
5
What is the tens digit of 4639?
3
What is the tens digit of 10064?
6
What is the units digit of 689?
9
What is the hundreds digit of 55693?
6
What is the tens digit of 55926?
2
What is the thousands digit of 10268?
0
What is the ten thousands digit of 43569?
4
What is the tens digit of 99154?
5
What is the ten thousands digit of 14481?
1
What is the hundreds digit of 868?
8
What is the hundreds digit of 1995?
9
What is the thousands digit of 2659?
2
What is the thousands digit of 51999?
1
What is the units digit of 3794?
4
What is the thousands digit of 3658?
3
What is the units digit of 3082?
2
What is the tens digit of 71723?
2
What is the hundreds digit of 3895?
8
What is the units digit of 3802?
2
What is the thousands digit of 82641?
2
What is the hundreds digit of 1721?
7
What is the hundreds digit of 118837?
8
What is the units digit of 297?
7
What is the thousands digit of 1636?
1
What is the ten thousands digit of 13778?
1
What is the units digit of 107061?
1
What is the thousands digit of 1233?
1
What is the thousands digit of 1331?
1
What is the tens digit of 17868?
6
What is the tens digit of 9987?
8
What is the tens digit of 923?
2
What is the thousands digit of 39732?
9
What is the units digit of 68177?
7
What is the thousands digit of 29747?
9
What is the units digit of 147?
7
What is the hundreds digit of 581?
5
What is the hundreds digit of 1456?
4
What is the thousands digit of 1269?
1
What is the thousands digit of 12267?
2
What is the hundreds digit of 190?
1
What is the tens digit of 67210?
1
What is the units digit of 562?
2
What is the tens digit of 3577?
7
What is the units digit of 5633?
3
What is the thousands digit of 1539?
1
What is the thousands digit of 20414?
0
What is the hundreds digit of 210?
2
What is the tens digit of 9512?
1
What is the hundreds digit of 647?
6
What is the hundreds digit of 2272?
2
What is the hundreds digit of 3246?
2
What is the hundreds digit of 14484?
4
What is the thousands digit of 3235?
3
What is the units digit of 16836?
6
What is the units digit of 9971?
1
What is the tens digit of 13564?
6
What is the thousands digit of 88321?
8
What is the thousands digit of 1241?
1
What is the tens digit of 954?
5
What is the thousands digit of 11876?
1
What is the hundreds digit of 28013?
0
What is the hundreds digit of 348?
3
What is the units digit of 7191?
1
What is the tens digit of 2146?
4
What is the hundreds digit of 68365?
3
What is the hundreds digit of 23088?
0
What is the thousands digit of 1408?
1
What is the thousands digit of 1250?
1
What is the hundreds digit of 6323?
3
What is the hundreds digit of 8570?
5
What is the hundreds digit of 16949?
9
What is the thousands digit of 30125?
0
What is the thousands digit of 103241?
3
What is the hundreds digit of 90497?
4
What is the units digit of 33698?
8
What is the tens digit of 84?
8
What is the units digit of 242?
2
What is the tens digit of 1551?
5
What is the hundreds digit of 945?
9
What is the hundreds digit of 636?
6
What is the thousands digit of 6015?
6
What is the tens digit of 900?
0
What is the tens digit of 6832?
3
What is the hundreds digit of 95886?
8
What is the hundreds digit of 129?
1
What is the thousands digit of 1028?
1
What is the units digit of 5984?
4
What is the tens digit of 1096?
9
What is the thousands digit of 2708?
2
What is the tens digit of 38358?
5
What is the tens digit of 2459?
5
What is the thousands digit of 34852?
4
What is the hundreds digit of 247?
2
What is the hundred thousands digit of 162836?
1
What is the ten thousands digit of 38182?
3
What is the units digit of 1478?
8
What is the hundred thousands digit of 156018?
1
What is the tens digit of 17445?
4
What is the hundreds digit of 3264?
2
What is the units digit of 17370?
0
What is the tens digit of 785?
8
What is the units digit of 10524?
4
What is the units digit of 2421?
1
What is the hundreds digit of 6199?
1
What is the units digit of 46045?
5
What is the units digit of 26216?
6
What is the ten thousands digit of 37569?
3
What is the tens digit of 992?
9
What is the units digit of 132617?
7
What is the hundreds digit of 2711?
7
What is the units digit of 11643?
3
What is the ten thousands digit of 23655?
2
What is the tens digit of 11967?
6
What is the tens digit of 773?
7
What is the thousands digit of 3289?
3
What is the hundreds digit of 3702?
7
What is the ten thousands digit of 127704?
2
What is the units digit of 63439?
9
What is the tens digit of 62377?
7
What is the tens digit of 12491?
9
What is the units digit of 61075?
5
What is the tens digit of 2365?
6
What is the units digit of 1176?
6
What is the units digit of 3156?
6
What is the thousands digit of 1426?
1
What is the tens digit of 3385?
8
What is the units digit of 2883?
3
What is the ten thousands digit of 124916?
2
What is the thousands digit of 1593?
1
What is the ten thousands digit of 13267?
1
What is the thousands digit of 1428?
1
What is the tens digit of 62328?
2
What is the thousands digit of 1672?
1
What is the units digit of 4249?
9
What is the hundreds digit of 10422?
4
What is the tens digit of 5602?
0
What is the ten thousands digit of 32137?
3
What is the tens digit of 3398?
9
What is the tens digit of 26524?
2
What is the tens digit of 350?
5
What is the units digit of 7570?
0
What is the thousands digit of 53613?
3
What is the thousands digit of 8738?
8
What is the ten thousands digit of 34754?
3
What is the hundreds digit of 33894?
8
What is the thousands digit of 19112?
9
What is the units digit of 4503?
3
What is the hundreds digit of 2163?
1
What is the tens digit of 146111?
1
What is the units digit of 962?
2
What is the thousands digit of 1368?
1
What is the thousands digit of 2051?
2
What is the tens digit of 1149?
4
What is the ten thousands digit of 43154?
4
What is the units digit of